*t**2 - 113*t + 7. Give m(-5).
-3
Let d(r) = r**2 + 12*r + 13. Determine d(-9).
-14
Let q(w) = w**2 + 17*w + 5. What is q(-16)?
-11
Let s(r) = 3*r**2 + r - 4. Calculate s(3).
26
Let l(f) = f**2 + 11*f - 8. What is l(-13)?
18
Let f(a) = -a**2 - 3*a + 2. Determine f(0).
2
Let y(a) = 4*a**2 - 2*a - 2. What is y(3)?
28
Let c(n) = -14*n - 12. Calculate c(-3).
30
Let d(y) = y**3 - 2*y**2 + 4*y - 15. Calculate d(5).
80
Let p(r) = -2*r**2 + 25*r - 18. Calculate p(12).
-6
Let p(j) = j**3 + 41*j**2 + 41*j + 43. Calculate p(-40).
3
Let a(f) = f**3 + 21*f**2 - 9*f - 15. Determine a(-21).
174
Let g(w) = w**2 - 5*w - 26. Determine g(10).
24
Let w(g) = -2*g - 16. Give w(-13).
10
Let y(x) = -7*x + 107. Determine y(16).
-5
Let v(n) = -n**3 - 13*n**2 - 32*n - 14. Calculate v(-10).
6
Let b(w) = -2*w + 6. What is b(12)?
-18
Let k(m) = m**3 + 5*m**2 + 6*m + 4. Give k(-4).
-4
Let s(q) = 17*q**2 + 2*q + 1. What is s(1)?
20
Let z(i) = i**3 + 26*i**2 - 84*i + 89. Calculate z(-29).
2
Let h(y) = 6*y - 21. Determine h(5).
9
Let m(w) = -17*w - 1. What is m(1)?
-18
Let l(m) = -m**2 + 4*m + 6. Calculate l(8).
-26
Let s(n) = -3*n**3 + 2*n**2 - n - 1. What is s(2)?
-19
Let u(f) = -f**3 + 25*f**2 + 25*f + 30. Determine u(26).
4
Let v(l) = 2*l**2 - 5*l - 5. Determine v(4).
7
Let k(l) = 5*l**3 - 5*l - 5. What is k(-1)?
-5
Let g(d) = -16*d**3 + d**2 + d - 1. Determine g(1).
-15
Let q(w) = -2*w - 1. Determine q(4).
-9
Let r(d) = -2*d**3 - 7*d**2 - 4. Calculate r(-3).
-13
Let j(z) = 4*z**2 - 2*z - 2. What is j(-1)?
4
Let j(u) = 2*u**3 + u**2 - 6*u - 8. Give j(-1).
-3
Let r(z) = -91*z + 1086. Determine r(12).
-6
Let l(u) = -u**3 - 8*u**2 - 13*u - 4. What is l(-6)?
2
Let v(x) = -x**3 + 3*x**2 - 4. Give v(-2).
16
Let h(j) = -j**2 - 4*j + 7. Give h(-7).
-14
Let w(l) = l**3 - 11*l - 9. Determine w(-4).
-29
Let q(c) = -10*c + 17. Determine q(2).
-3
Let t(u) = -u**2 + 13*u + 8. Give t(14).
-6
Let n(v) = 2*v - 6. Calculate n(-5).
-16
Let p(i) = 2*i**3 + i**2 - i. What is p(1)?
2
Let a(b) = 27*b + 102. Calculate a(-3).
21
Let u(y) = -y**2 - 5*y + 32. What is u(-8)?
8
Let w(i) = -4*i + 23. Determine w(8).
-9
Let b(a) = -4*a - 4. Calculate b(2).
-12
Let m(w) = 2*w**2 - 24*w + 5. Give m(12).
5
Let p(d) = -d**3 - 14*d**2 + 3*d - 12. Determine p(-14).
-54
Let x(y) = -y**2 - y + 7. Give x(0).
7
Let q(v) = -v**2 - 13*v - 23. Give q(-10).
7
Let p(o) = o**2 + 2*o + 5. Determine p(0).
5
Let c(u) = -2*u**2 - 96*u - 9. Determine c(-48).
-9
Let g(y) = -19*y - 129. What is g(-7)?
4
Let w(s) = -3*s**2 - 3*s + 1. What is w(3)?
-35
Let d(b) = -b**3 - 6*b**2 + 2*b - 4. What is d(-4)?
-44
Let v(g) = -2*g**3 - 15*g**2 + 6*g + 5. What is v(-8)?
21
Let h(y) = -195*y + 586. Determine h(3).
1
Let z(o) = -16*o + 5. Calculate z(1).
-11
Let r(n) = 2*n + 71. Determine r(-34).
3
Let o(u) = -u**3 + 10*u**2 - 10*u + 19. Give o(9).
10
Let a(k) = -5*k + 3. Calculate a(7).
-32
Let u(z) = -z**3 + 29*z**2 - 48*z - 159. Calculate u(27).
3
Let p(a) = -a**3 + 14*a**2 - a + 21. Determine p(14).
7
Let b(w) = w**2 - 3*w - 5. What is b(4)?
-1
Let r(u) = 7*u + 15. Calculate r(-3).
-6
Let s(q) = q - 29. Determine s(20).
-9
Let w(v) = v**3 + 17*v**2 + 57*v - 7. What is w(-6)?
47
Let x(b) = -10*b - 182. Calculate x(-18).
-2
Let s(y) = -6*y + 55. Give s(9).
1
Let m(y) = 15*y + 24. Calculate m(-7).
-81
Let j(p) = -3*p**2 - 3*p + 6. Determine j(-3).
-12
Let j(r) = -66*r**3 + r**2 + 2*r + 1. Determine j(-1).
66
Let g(f) = -f**2 - 6*f + 2. Give g(-6).
2
Let g(x) = -x**3 + 9*x**2 - 20*x + 5. Give g(6).
-7
Let b(i) = 6*i - 2. Determine b(-5).
-32
Let c(z) = -20*z + 244. Determine c(12).
4
Let v(u) = u**2 - 10*u - 5. What is v(7)?
-26
Let h(z) = -z**3 + z**2 - 15. Determine h(0).
-15
Let c(h) = 12*h - 13. Determine c(2).
11
Let m(x) = -x**3 - 9*x**2 - 9*x + 4. What is m(-7)?
-31
Let x(d) = -d**2 + 9*d + 11. Calculate x(11).
-11
Let k(d) = -8*d - 124. What is k(-8)?
-60
Let u(q) = 4*q + 20. Give u(-11).
-24
Let x(l) = -9*l - 28. What is x(-14)?
98
Let p(u) = 3*u**2 + 1. Give p(1).
4
Let r(q) = -31*q - 158. Calculate r(-5).
-3
Let a(y) = -y - 7. Give a(-7).
0
Let n(s) = 2*s**2 - 4*s + 1. Give n(3).
7
Let d(g) = -2*g - 4. Give d(-18).
32
Let r(p) = -12*p + 11. What is r(7)?
-73
Let r(p) = -p**2 - 4*p + 20. Calculate r(2).
8
Let q(b) = -b**2 - 7*b + 324. Give q(15).
-6
Let h(l) = l**2 - 3*l - 13. Calculate h(8).
27
Let o(t) = t**3 - 40*t**2 + 5*t - 206. Give o(40).
-6
Let b(s) = s**2 + 8*s + 19. What is b(-9)?
28
Let a(o) = 20*o + 279. Give a(-14).
-1
Let u(a) = -2*a**2 + 5*a - 1. Give u(4).
-13
Let b(r) = -r**3 - 7*r**2 + r - 6. Determine b(-7).
-13
Let q(s) = -2*s - 3. Determine q(-2).
1
Let z(j) = -j**3 - 17*j**2 + 6. Determine z(-17).
6
Let k(y) = -y**3 + 6*y**2 + 5*y - 13. Calculate k(6).
17
Let j(n) = 5*n - 21. Determine j(-12).
-81
Let y(c) = -4*c - 61. Give y(-12).
-13
Let u(p) = -31*p - 98. Determine u(0).
-98
Let m(c) = 4*c - 42. What is m(7)?
-14
Let j(v) = v**2 + 18*v - 16. Calculate j(-19).
3
Let v(r) = -r**3 - 7*r**2 + 10*r - 8. Calculate v(-8).
-24
Let u(r) = -r**2 - 7*r + 6. Calculate u(4).
-38
Let v(u) = 3*u**2 + 12*u + 7. Give v(-5).
22
Let j(o) = 30*o + 5. Calculate j(2).
65
Let j(h) = -h**2 + 12*h - 10. Give j(9).
17
Let w(k) = k**3 - 13*k**2 + 31*k + 4. Calculate w(10).
14
Let z(v) = v**2 - 7*v + 12. Determine z(8).
20
Let h(r) = r**2 - 10*r - 4. Give h(10).
-4
Let a(q) = q**2 - 6*q + 2. What is a(7)?
9
Let u(m) = -3*m - 31. Give u(-11).
2
Let s(m) = 27*m + 512. Calculate s(-19).
-1
Let f(k) = -2*k**2 + 28*k - 19. Give f(13).
7
Let j(k) = -25*k - 2. Determine j(2).
-52
Let c(x) = -x**3 - x**2 - x - 2. What is c(-2)?
4
Let q(c) = 7*c + 74. Calculate q(-11).
-3
Let i(m) = 52*m + 237. Determine i(-4).
29
Let o(m) = m**2 + 36*m + 96. Give o(-3).
-3
Let y(a) = -a**3 + 3*a**2 + 4*a - 4. Determine y(3).
8
Let b(o) = -7*o + 10. Calculate b(4).
-18
Let k(q) = -q**2 - 26*q - 15. Calculate k(-26).
-15
Let z(o) = -2*o - 13. Calculate z(-7).
1
Let h(i) = -i**2 + 2*i - 10. What is h(0)?
-10
Let g(x) = -2*x + 15. What is g(-16)?
47
Let b(s) = -2*s**2 - 30*s - 61. What is b(-13)?
-9
Let d(a) = -8*a**2 + 5*a. Calculate d(1).
-3
Let n(m) = m**3 + 6*m**2 + 7*m + 11. Calculate n(-5).
1
Let u(t) = -t**2 + 3*t - 4. Give u(2).
-2
Let h(x) = 41*x - 243. What is h(6)?
3
Let r(y) = 11*y - 100. Give r(9).
-1
Let q(t) = -2*t**2 + 18*t + 3. Give q(8).
19
Let u(r) = r**3 - 52*r**2 + 52*r - 44. What is u(51)?
7
Let i(y) = y**3 - 17*y**2 - 19*y + 14. Calculate i(18).
-4
Let s(n) = 24*n - 185. Give s(8).
7
Let d(n) = 6*n**3 - 37*n**2 + 7*n - 5. Determine d(6).
1
Let n(h) = -2*h**3 - 29*h**2 + 17*h + 34. What is n(-15)?
4
Let g(s) = s**2 + 11*s - 30. What is g(-9)?
-48
Let v(o) = o**2 - o - 1. Determine v(6).
29
Let u(a) = -3*a**2 - 12*a + 3. Calculate u(-4).
3
Let k(a) = -a - 7. Determine k(-5).
-2
Let r(w) = -w**2 - 28*w - 109. Determine r(-5).
6
Let u(f) = f**3 - 10*f**2 + 21*f - 116. Give u(9).
-8
Let r(s) = -s**3 + 9*s**2 - 12*s - 1. Calculate r(5).
39
Let r(k) = -k + 21. What is r(26)?
-5
Let g(y) = y - 7. Determine g(10).
3
Let s(i) = -2*i**2 + 2*i + 6. Give s(5).
-34
Let w(u) = -u**2 + 9*u + 12. Calculate w(0).
12
Let f(j) = -j**2 - 29*j - 186. Give f(-20).
-6
Let l(b) = -2*b**2 + 5*b - 3. Give l(2).
-1
Let f(y) = -5*y + 5. Calculate f(3).
-10
Let q(o) = -2*o**2 + 37*o - 92. Determine q(15).
13
Let u(z) = 2*z**2 - 16*z - 33. Give u(-2).
7
Let m(g) = g**2 - 13*g + 27. Determine m(4).
-9
Let x(d) = 7*d**2 + 20*d + 4. Give x(-3).
7
Let v(r) = 2*r**2 - 14*r - 194. What is v(14)?
2
Let u(y) = 2*y**2 - 26*y + 27. Calculate u(12).
3
Let t(q) = -9*q - 77. Calculate t(-7).
-14
Let c(s) = 20*s + 1. Determine c(-1).
-19
Let x(m) = -m**3 + 6*m**2 + 2*m - 18. Give x(6).
-6
Let a(i) = -i**2 - i + 11. Calculate a(-6).
-19
Let n(u) = 2*u**3 + u**2 - 2*u. Determine n(-2).
-8
Let d(k) = 69*k - 11. Calculate d(2).
127
Let w(y) = -y**3 - 36*y**2 - 31*y + 153. What is w(-35)?
13
Let u(r) = -6*r**2 + r - 6. Determine u(2).
-28
Let a(c) = c - 34. Determine a(16).
-18
Let k(g) = g**3 - 4*g**2 - 7*g - 5. Determine k(6).
25
Let z(a) = 2*a - 23. What is z(9)?
-5
Let j(i) = i**3 + 6*i**2 + 7*i + 3. Calculate j(-3).
9
Let f(x) = -3*x**2 - 3*x - 2. What is f(-3)?
-20
Let d(s) = -6*s - 12. Calculate d(0).
-12
Let a(l) = 4*l + 5. What is a(-6)?
-19
Let v(m) = -m**3 + 14*m**2 - 14